 of 953952 and 18.
6
Calculate the greatest common factor of 48 and 1356600.
24
Calculate the highest common factor of 3 and 12651.
3
Calculate the greatest common divisor of 847 and 191543.
121
What is the greatest common factor of 35 and 15463?
7
What is the greatest common factor of 2597 and 16513?
49
Calculate the greatest common factor of 75614 and 154.
154
What is the highest common factor of 189761 and 286?
143
Calculate the greatest common divisor of 1360 and 1200.
80
Calculate the highest common divisor of 42 and 9303.
21
Calculate the greatest common divisor of 15779670 and 1230.
1230
Calculate the greatest common factor of 74085 and 45.
15
Calculate the highest common divisor of 357938 and 12950.
518
What is the highest common divisor of 248 and 350672?
248
What is the highest common divisor of 62 and 9868?
2
Calculate the highest common divisor of 219936 and 624.
48
What is the highest common divisor of 447786 and 162?
18
What is the highest common factor of 88027 and 779?
779
Calculate the greatest common divisor of 4392 and 2232.
72
What is the greatest common factor of 333 and 2187?
9
Calculate the highest common divisor of 782544 and 544.
272
What is the highest common factor of 30324 and 7942?
722
Calculate the greatest common divisor of 960 and 480.
480
Calculate the greatest common factor of 1044386 and 245.
49
Calculate the greatest common divisor of 1075 and 79894.
43
Calculate the highest common factor of 85 and 644776.
17
What is the highest common divisor of 6512 and 11464?
8
What is the greatest common divisor of 2980 and 475?
5
What is the greatest common divisor of 72125 and 1125?
125
What is the highest common divisor of 7998 and 2322?
258
Calculate the highest common factor of 11456 and 26134.
358
What is the highest common factor of 36050 and 21?
7
What is the greatest common divisor of 10 and 39430?
10
Calculate the greatest common divisor of 1582591 and 457.
457
What is the greatest common divisor of 4830 and 13202?
322
What is the highest common divisor of 706781 and 19?
19
Calculate the highest common factor of 24848 and 176.
16
Calculate the greatest common divisor of 1444 and 23788.
76
What is the greatest common divisor of 34 and 471818?
34
Calculate the highest common factor of 2470864 and 88.
88
Calculate the greatest common divisor of 130364 and 1170.
26
Calculate the greatest common factor of 45 and 35520435.
45
Calculate the highest common divisor of 386416 and 32.
16
Calculate the greatest common factor of 207 and 151.
1
What is the greatest common divisor of 242557 and 7?
7
What is the greatest common divisor of 63085 and 124135?
2035
Calculate the highest common divisor of 198 and 10758.
66
Calculate the greatest common factor of 1601340 and 60.
60
What is the greatest common divisor of 1458 and 774?
18
What is the highest common divisor of 9659897 and 13?
13
What is the greatest common divisor of 95 and 293987?
19
What is the highest common factor of 153 and 669?
3
What is the highest common factor of 7018 and 232?
58
Calculate the greatest common divisor of 9 and 673479.
9
Calculate the greatest common factor of 1399489 and 338.
169
Calculate the highest common factor of 318 and 702462.
318
What is the greatest common divisor of 4680 and 32625?
45
What is the greatest common factor of 539330 and 990?
110
Calculate the greatest common divisor of 197 and 464329.
197
What is the highest common divisor of 189 and 1699131?
21
What is the greatest common factor of 728019 and 3?
3
What is the greatest common divisor of 501 and 35905?
167
Calculate the highest common factor of 19 and 1381927.
19
Calculate the greatest common divisor of 42572 and 232.
116
What is the highest common factor of 48 and 1084728?
24
What is the highest common divisor of 171 and 3267?
9
Calculate the highest common divisor of 34 and 60299.
17
Calculate the greatest common factor of 492280 and 248.
248
What is the highest common factor of 238 and 51374?
34
What is the greatest common divisor of 9864 and 68?
4
Calculate the highest common divisor of 2573 and 155.
31
Calculate the highest common factor of 169 and 46813.
169
Calculate the highest common factor of 3488 and 13792.
32
Calculate the highest common divisor of 487629 and 9.
9
What is the greatest common divisor of 47 and 544730?
47
What is the greatest common divisor of 1600 and 5056?
64
What is the highest common divisor of 1079 and 12533?
83
What is the highest common factor of 70855 and 36445?
185
Calculate the greatest common factor of 3416 and 19754.
14
Calculate the greatest common factor of 6270 and 64695.
285
Calculate the highest common factor of 15898 and 4.
2
What is the greatest common divisor of 8950 and 3401?
179
What is the highest common factor of 45435 and 429?
39
Calculate the highest common factor of 7 and 610239.
7
Calculate the greatest common divisor of 1075 and 1161.
43
Calculate the highest common divisor of 528775 and 325.
325
Calculate the highest common factor of 23044 and 56.
28
What is the greatest common divisor of 370109 and 31?
31
Calculate the highest common divisor of 1072928 and 32.
32
Calculate the highest common factor of 76983 and 1407.
201
What is the greatest common factor of 147348 and 396?
36
Calculate the greatest common factor of 264024 and 32.
8
Calculate the greatest common divisor of 412620 and 575.
115
Calculate the greatest common divisor of 74715 and 43095.
255
What is the highest common divisor of 1904 and 400?
16
What is the greatest common factor of 910 and 23270?
130
What is the highest common divisor of 967920 and 111?
111
Calculate the greatest common divisor of 288 and 2340.
36
What is the highest common divisor of 84484 and 20?
4
What is the greatest common divisor of 24 and 83700?
12
What is the greatest common factor of 3668 and 8384?
524
Calculate the highest common divisor of 938 and 48244.
14
What is the greatest common divisor of 495155 and 3558?
593
What is the greatest common divisor of 17901 and 2873?
221
Calculate the greatest common factor of 114686 and 156.
26
What is the greatest common factor of 11360 and 2720?
160
What is the highest common divisor of 9 and 36459?
9
What is the greatest common divisor of 195426 and 602?
14
What is the greatest common divisor of 25 and 2435?
5
What is the greatest common divisor of 83446 and 22?
22
What is the greatest common divisor of 4617 and 23571?
243
What is the greatest common factor of 270 and 8046?
54
Calculate the highest common divisor of 1263406 and 578.
34
Calculate the highest common factor of 474 and 147730.
158
Calculate the highest common factor of 455 and 25165.
35
What is the highest common divisor of 6452 and 92?
4
Calculate the greatest common factor of 3536 and 1292.
68
What is the highest common divisor of 24 and 6297?
3
Calculate the greatest common divisor of 2435 and 40.
5
What is the highest common divisor of 67770 and 450?
90
What is the highest common divisor of 3542 and 43582?
154
What is the greatest common divisor of 208 and 34736?
208
What is the greatest common divisor of 637590 and 285?
15
What is the greatest common factor of 200 and 40328?
8
Calculate the greatest common divisor of 207 and 136971.
9
What is the highest common divisor of 83870 and 25?
5
What is the highest common divisor of 162188 and 182?
26
What is the highest common factor of 193 and 755788?
193
Calculate the greatest common divisor of 168 and 84.
84
Calculate the highest common factor of 7 and 41.
1
What is the highest common divisor of 4917 and 363?
33
Calculate the greatest common divisor of 6198120 and 40.
40
Calculate the highest common factor of 116 and 35054.
2
What is the greatest common factor of 48 and 10528?
16
Calculate the highest common divisor of 11305 and 133.
133
Calculate the highest common factor of 673944 and 24.
24
Calculate the greatest common divisor of 1386 and 1056.
66
What is the highest common factor of 29824 and 448?
64
Calculate the greatest common factor of 177992 and 18392.
152
Calculate the highest common divisor of 2112 and 60456.
264
What is the highest common factor of 64 and 6402?
2
Calculate the greatest common divisor of 6 and 51672.
6
Calculate the highest common factor of 540 and 4236.
12
What is the greatest common fac